 s(-3). Let a be w(o). What is the highest common factor of a and 22?
22
Let x(y) = -y**2 - 11*y - 2. Let f = -16 + 7. Let v be x(f). Let w be 15 - (0 + -2)/2. Calculate the highest common factor of w and v.
16
Let o be (-21)/(-3 - 0) + (-4 - -5). Let g be (41 - -1)*1 + -2. Calculate the greatest common divisor of o and g.
8
Let d be (4/6)/(8/132). What is the highest common factor of d and 1?
1
Suppose f + 28 = -3*f. Let w be (-26)/f + 2/7. Suppose c + w*c - 60 = 0. What is the greatest common divisor of c and 4?
4
Let j = 84 + -75. What is the greatest common divisor of j and 45?
9
Let o be (14/(-4) + 1)*-28. Let y = 0 - 0. Suppose y = -3*a + 1 + 29. Calculate the highest common factor of o and a.
10
Let l(z) = -z**2 - 6. Let k be l(0). Let c be (-4)/(-10)*(11 + k). What is the highest common factor of c and 22?
2
Let p be 2/3*36/8. Suppose -4*w + 80 = w - 4*m, 0 = 5*w - p*m - 85. What is the highest common divisor of 40 and w?
20
Suppose -312 = -0*z - 6*z. What is the highest common divisor of 13 and z?
13
Let v(p) = p**2 - p + 10. Let w be v(0). Suppose -2*c = 2*s, 0 = -2*c + s + s + 8. What is the greatest common factor of c and w?
2
Let s be ((-4)/3)/((-2)/21). Let i be -2*(2 + 1 - 2) + 9. Calculate the highest common divisor of s and i.
7
Let i = -14 - -10. Let b be (38/4)/((-2)/i). Calculate the highest common divisor of b and 57.
19
Suppose 2*b = -3*y + 12, -b - 6*y + y + 20 = 0. Suppose 2*j + b*j = 12. Calculate the greatest common factor of 48 and j.
6
Suppose -3*l = 4*u - u - 588, 612 = 3*u - 5*l. Suppose -u = -5*w + v + v, 3*v - 111 = -3*w. Let x = w - 19. What is the greatest common factor of x and 8?
4
Let m(b) = b**2 + 13*b + 23. Let d be m(-11). Let q be 2/(-3) - (-34)/6. Let z = q - d. Calculate the highest common factor of z and 2.
2
Let k(g) = -2*g**3 - 6*g**2 + 14*g - 2. Let p be k(-6). Calculate the greatest common divisor of 13 and p.
13
Let k = 89 + -71. Calculate the greatest common factor of 24 and k.
6
Let n = 23 - 13. Suppose 0 = 4*c - 5*o + 84, 8 = 3*c - 4*c - 2*o. Let r = 44 - c. Calculate the highest common divisor of n and r.
10
Let x = 67 - 19. What is the highest common factor of x and 6?
6
Suppose 2*g - 22 = -3*h, -2*h + 5*g = -11 - 29. What is the highest common factor of 90 and h?
10
Suppose 0 = -2*f - 0*f + 6. Let h(q) = 2*q**2 - 4*q + 2. Let m be h(f). Suppose -5*o = -180 - 140. What is the greatest common divisor of m and o?
8
Suppose -2*q - 748 = -4*f, 0*f + 2*q - 374 = -2*f. What is the highest common divisor of f and 17?
17
Let p be ((-1)/2)/(4 + 49/(-12)). Calculate the highest common divisor of 2 and p.
2
Let h = -10 - -3. Let j = 15 + h. Calculate the greatest common factor of 16 and j.
8
Let s be -1 + (9/3 - 25). Let q = -14 - s. What is the highest common factor of q and 45?
9
Suppose 5*r - 247 + 52 = -5*z, -2*z + 198 = 5*r. Let g = 43 - 27. What is the greatest common factor of r and g?
8
Suppose -3*u - 4*z + 58 = 0, 2*u - 4*z - 83 + 31 = 0. What is the greatest common divisor of u and 55?
11
Let n = -17 + 137. What is the greatest common divisor of n and 15?
15
Suppose 13 + 147 = -2*j. Let r be 1/((-2)/j*1). What is the highest common divisor of 10 and r?
10
Let g be 17 + 3 + -1 + -2. Calculate the greatest common factor of g and 51.
17
Let u = -108 - -218. Calculate the greatest common factor of u and 10.
10
Let w = -11 - -47. Suppose -z - 2 = 4*u - 18, -5*z = -u + 4. What is the greatest common divisor of w and u?
4
Let i = -14 - -13. Let z be -10*60/8*i. Calculate the highest common divisor of 30 and z.
15
Suppose 594 = 24*k - 222. Suppose 258 = -0*w + 2*w. Suppose -4*i - w + 469 = 0. Calculate the highest common divisor of k and i.
17
Suppose l = -0*l + 3. Suppose -l*p = -2*p - 8. Calculate the highest common divisor of 40 and p.
8
Suppose 3*s = -9*s + 348. Calculate the greatest common divisor of s and 145.
29
Suppose 0 = -g - 3*g + 320. Let o be 10*(-1)/(-3 + 2). Calculate the highest common factor of o and g.
10
Suppose 3*f = -38 + 110. Suppose 6 + 6 = 4*k. Let l be 2 + -5 + k - -8. What is the greatest common divisor of l and f?
8
Let z = -22 - -42. Suppose n - 3 = 0, 2*m + 2*n + 0 = 14. Calculate the highest common divisor of z and m.
4
Suppose 72 = 4*y - 0*y. Let v(t) = t**3 - 9*t**2 + t + 9. Let s be v(9). Let k be (s/21)/((-2)/(-14)). What is the greatest common divisor of y and k?
6
Let q be ((-32)/40)/(2/(-105)). What is the highest common factor of 6 and q?
6
Suppose -2*d - 2*g = g - 888, -1796 = -4*d - g. Suppose -5*r = -25, -5*m - r = r - d. What is the highest common factor of m and 11?
11
Let q = 135 - 75. What is the greatest common divisor of 10 and q?
10
Suppose -4*f = -12 - 36. What is the greatest common divisor of f and 36?
12
Suppose 3*s - 8 = -o + 8, 4*s - 16 = 0. What is the greatest common factor of 36 and o?
4
Let w = 12 + -11. Let u be 7 - (0 - (-2 - -4)). Calculate the greatest common divisor of w and u.
1
Let g be 1/(-2)*-6*-1. Let a = 8 + g. Suppose 5*k = -a*n + 35, k - 3*k + 8 = -4*n. Calculate the highest common divisor of 4 and k.
2
Suppose 9*r = 3*r + 36. Calculate the greatest common factor of 54 and r.
6
Suppose 4*g - 76 + 8 = 0. Calculate the greatest common divisor of 119 and g.
17
Suppose 0 = -j + 2*x + 106, -j - 3*x + 2*x = -97. Calculate the greatest common divisor of j and 10.
10
Let d = 4 - 1. Suppose -2*s + d*s - 2 = 0. Let r be (s/(2/117))/1. Calculate the highest common factor of 13 and r.
13
Let x = 102 + -103. Suppose -2*f - q + 0*q = 441, q = f + 228. Let y be (-4)/2 + (x - f). What is the greatest common divisor of y and 20?
20
Let j = -31 + 44. Let r(a) = a**2 - 6*a - 7. Let n be r(7). Suppose -l - 2*l + 195 = n. Calculate the highest common divisor of j and l.
13
Suppose 5*i - i = 64. Calculate the greatest common divisor of 176 and i.
16
Let k = 6 + -2. Suppose -5*i - k*j + 46 + 70 = 0, 3*i - 3*j = 75. Calculate the highest common divisor of i and 6.
6
Let w be (-80 + -3 + -1)*-1. Let l = 26 + w. What is the greatest common factor of l and 44?
22
Suppose 20 = -0*b + b. What is the greatest common factor of b and 20?
20
Let n = 4 + -2. Let h = 6 + n. Calculate the greatest common divisor of h and 64.
8
Suppose 0*c - 120 = -c. Calculate the highest common divisor of 24 and c.
24
Let r be 2 - (2 - 6/2). Let n be (0 - (-10 + r)) + 1. Calculate the highest common divisor of n and 88.
8
Suppose w - 3 = 22. Suppose 0*t = v + 3*t + w, 3*t = -6. Let o = v - -31. Calculate the highest common factor of 48 and o.
12
Let f be (-5 - -5) + -1 + 17. What is the greatest common factor of 176 and f?
16
Suppose -1 = 2*v - 3*g - 4, 4*v + g + 1 = 0. Suppose -3*a = -v*a. Suppose a*s - 2*s = -18. Calculate the greatest common factor of 1 and s.
1
Suppose 5*p - 3*x - 2 = 0, 2 = 4*p - 3*x - 2. Let b be p/(-10) - (-174)/5. Suppose -3*h + b + 82 = 0. What is the highest common factor of h and 13?
13
Suppose v - 15 = -4*h, 2*v + 3*h - 15 = -0*v. Let y be (-2)/11 - (-9310)/385. What is the greatest common factor of y and v?
3
Let y(g) be the third derivative of -g**5/60 - 7*g**4/12 - 11*g**3/6 + 3*g**2. Let r be y(-12). Calculate the highest common factor of r and 13.
13
Let j = -2 + 6. Suppose -2*t - 2*q + 162 = -3*q, j*t = -3*q + 314. Suppose 5*v = 80 - 30. Calculate the highest common divisor of v and t.
10
Suppose -56 = -6*s + 2*s. Suppose 94 - s = 4*t. What is the greatest common divisor of 140 and t?
20
Suppose -18*l + 20*l + 16 = 0. Let d(a) = a**2 + 8*a + 3. Let c be d(l). Calculate the highest common divisor of 24 and c.
3
Suppose 5 = -d + 23. Suppose -25 = -4*t + s + 28, t - 5*s - d = 0. What is the highest common divisor of t and 26?
13
Suppose 2*x = 20 + 204. Suppose -x = -3*w + 38. What is the highest common factor of w and 10?
10
Let k = -4 + 7. Suppose k*v = 2*v + 18. What is the greatest common divisor of v and 27?
9
Let t = -67 - -99. Let o = -80 + 160. Calculate the greatest common factor of o and t.
16
Let m = -4 + 8. Suppose -23 = -m*s - 7. Suppose 0 = -9*v + s*v + 55. Calculate the greatest common factor of v and 77.
11
Let o = 15 + -1. Suppose -15*f + 84 = -12*f. What is the greatest common divisor of f and o?
14
Suppose 0 = -4*o - o + 480. Let x(l) = -7*l - 2. Let z be x(-2). What is the greatest common divisor of z and o?
12
Suppose 5*a -